((-21)/6 + 9)?
1
Let k be (-4*(-2)/4)/(-3 + 1). Let s(j) = -31*j**3 + 3*j + 2. What is the tens digit of s(k)?
3
Let m(a) = 6*a - 6. Let v be m(-4). Let s be (v/25)/((-2)/10). What is the units digit of 23/3 - (-2)/s?
8
Suppose 0 = 5*l, 0*l + 940 = 2*f + 2*l. Suppose f = 4*a + a. What is the tens digit of a?
9
Suppose 4*h - 107 = 41. Suppose 33*g - h*g = -352. What is the tens digit of g?
8
Let x = -6 - 34. Let h be (-60)/(-9)*72/60. What is the units digit of ((-10)/h)/(2/x)?
5
Let x(d) = -d + 4. Let l be x(-7). Suppose 6 + 24 = -5*v. Let u = v + l. What is the units digit of u?
5
Suppose -4*p + 2521 - 689 = 0. Suppose 5*z - p = 397. What is the tens digit of z?
7
Let x(b) = 7*b**2 - 13*b + 16. Let a be x(8). Suppose j + a = 9*j. What is the units digit of j?
5
Suppose -5*a = -4*j - 29 - 136, -a - 4*j = -9. Let s be -6 + 9/3 + a. Suppose 4*z = 3*z + s. What is the tens digit of z?
2
Suppose 6830 = 8*c - 11282. What is the tens digit of c?
6
Let s = 16 + 22. Suppose 2*t + s = z - 0*z, z = -5*t + 17. What is the tens digit of z?
3
Let y(u) = 59*u - 4. Suppose -10*d - 13 = -33. What is the units digit of y(d)?
4
Let o = -106 + 153. Let l = o - 12. What is the tens digit of l?
3
Suppose 0 = -2*s + 45 + 127. Let m = 174 - s. What is the tens digit of m?
8
Let d(x) = 28*x - 5*x**2 + 10 - 29 + 4*x**2. What is the tens digit of d(25)?
5
Let n be (-12)/(-8) + 495/6. Suppose -16*z = -13*z - n. What is the units digit of z?
8
Suppose -17*w - 4*s + 444 = -13*w, 5*s + 208 = 2*w. What is the hundreds digit of w?
1
Let z be 1/(-2 + 27/15). What is the tens digit of (z/(-10))/(3 + 2193/(-732))?
2
Let o(s) = -2*s**3 - s**2 + s + 1. Let j be o(-1). Suppose 0 = z - 6 - j. Suppose z = -5*d + 27. What is the units digit of d?
4
Suppose 0 = -23*l + 22*l + 9. Suppose 7*a - l*a = 0. Suppose a = 3*d + d - 272. What is the units digit of d?
8
Let w = 27 + -193. Let m = w + 426. What is the hundreds digit of m?
2
Let c(b) = -68*b - 4. Let q be c(-1). Suppose 4*y = -l + 180, l - q - 124 = 4*y. What is the hundreds digit of l?
1
Let g(t) = -23*t - 3. Let r be g(-2). Suppose 89 + r = 2*v. Suppose -5*s + 4*a = -63, -3*a + 18 = 5*s - v. What is the tens digit of s?
1
Let s be 24*-1*3/(-4). Let f = s + -15. Suppose z - 2 = 0, -2*n + f*z + z + 54 = 0. What is the units digit of n?
1
Let c(f) be the third derivative of 11*f**6/120 - f**5/60 - f**4/24 - f**3/2 - 15*f**2. What is the units digit of c(2)?
9
Let r(m) = 3*m - 11. Let q be r(5). Let w = -31 - -43. Suppose 2*t + w = -2*t, -q*t - 195 = -3*n. What is the tens digit of n?
6
Suppose -5*y + 4925 = -2*k, -3*k = -5*y + k + 4925. Suppose 0 = 8*h - 3*h - y. Suppose h = 4*j + 9. What is the tens digit of j?
4
Let w(r) = 4*r. Let x be w(1). Suppose -5*u + 9 = x*h - 0*h, -2*u - 2 = 3*h. Suppose -23 + 288 = u*n. What is the tens digit of n?
5
Let o = 62 - 58. Suppose -2*a + 12 = -o*w, 3*w + 32 = 5*a - 33. What is the units digit of a?
6
Let a be ((-17)/(-34))/(1/(-434)). Let y = 11 - a. What is the tens digit of y/18*3/2?
1
Suppose 6 = 5*y - 2*y. Suppose -50 = -y*g + 5*v, 2*g - 72 = -2*g - 4*v. Suppose -3*r + g = 2*r + 2*l, -5*l + 17 = -4*r. What is the units digit of r?
2
Let h = 39 + -40. Let r(s) = -20*s**3 - s - 1. What is the units digit of r(h)?
0
Let u(g) = g + 4. Let o be u(1). Suppose o*a - 102 = 3*r + 334, -5*r = -4*a + 341. What is the units digit of a?
9
Let q = 511 + 335. What is the hundreds digit of q?
8
Let x(s) be the second derivative of -s**4/12 - 3*s**3/2 - 5*s**2/2 - 7*s. Let i be x(-5). Suppose -i = u - 2*u. What is the units digit of u?
5
Let i(g) = g**3 - 3*g**2 - 2*g - 4. Let f be (8*(-3)/(-15))/(2/5). What is the units digit of i(f)?
4
Let t be (-2 - 8)*-2*11. Suppose 3*z + 2*z = t. What is the tens digit of z?
4
Let l be (-2 + -1)/((-3)/(-4 - -19)). Suppose l*i - 294 = 12*i. What is the units digit of i?
8
Let k(x) = -x - 1. Let h be k(3). Let p(b) = b**3 + 4*b**2 - 2*b - 4. Let m be p(h). Suppose 4*g = 5*a + 87, g + 66 = 4*g - m*a. What is the tens digit of g?
1
Let g(x) = -4*x - 1 + 0*x - 6. Let s be 0 + (-2)/(-8) + (-987)/188. What is the units digit of g(s)?
3
Let s = 6413 - 2457. What is the units digit of s?
6
Suppose 4*i = 2*s - 316, -s - 6*i + 158 = -5*i. Let k = -104 + s. Suppose -y + k = 9. What is the tens digit of y?
4
Suppose 13 = 4*l + 4*i + 1, 0 = i - 1. Suppose -10 + 34 = l*n. What is the tens digit of n*1/(12/39)?
3
Suppose -4*t - 622 = -4*x + 506, -2*x - 3*t + 539 = 0. What is the hundreds digit of x?
2
Let l(g) = 10*g**3 + 2*g**2 + 2*g + 2. Let c be l(3). Suppose 2*w - c = o, 3*w - 4*o + o = 447. What is the hundreds digit of w?
1
Let i(y) = 16*y**2 - 18*y - 35. What is the hundreds digit of i(-8)?
1
Suppose -3*b + 10 = -2. Suppose 3*h - b*h - 2*d + 262 = 0, 2*h - 530 = 2*d. What is the tens digit of h?
6
Suppose 21*a = -3*n + 22*a + 3114, n - 2*a - 1033 = 0. What is the hundreds digit of n?
0
Suppose 0 = 45*t - 28*t - 27200. What is the units digit of t?
0
Let n be ((-8)/6)/(1/3). What is the units digit of n*(-3)/6 - -11?
3
Let a = 31 + -39. Let n be (a/(-3))/(10/75). Let i = 24 + n. What is the units digit of i?
4
Suppose -5*k = 15*p - 17*p - 24847, 0 = -5*k - p + 24859. What is the hundreds digit of k?
9
Suppose 17*m - 2295 = 12*m. What is the tens digit of m?
5
Let g = 15 - 15. What is the tens digit of 4*(3 + (17 - g))?
8
Let h = 3313 - 2190. What is the tens digit of h?
2
Suppose -3*u - q + 19 = 4*q, q - 14 = -4*u. Let w(v) = v**3 - 5*v**2 + 2*v + 2. Let i be w(u). What is the units digit of (-12)/i*45/6?
9
Let r(u) = 0*u**3 + 12*u - 9 - u**3 + 3*u**2 + 3*u**2 + 2*u**2. What is the tens digit of r(9)?
1
Let c = 167 - 117. What is the units digit of c/12*16 + (-3)/(-9)?
7
Suppose r + y - 11 = 0, 0 = -0*y - y. Suppose 0 = a + 5*k - 18, -2*a + 25 = -5*k - r. Suppose 231 = -15*g + a*g. What is the tens digit of g?
7
Suppose 0 = -8*s + 2495 - 495. What is the units digit of s?
0
Suppose 5*f - 403 = 897. Suppose 74*o - 78*o = -f. What is the units digit of o?
5
Suppose -210*t - 755 = -211*t. What is the units digit of t?
5
What is the tens digit of (-10 + -2 - 2)/((-2)/8)?
5
Let n(x) = 7*x + 5. Let h be n(12). Suppose s = 2*s + v + h, 0 = v - 1. Let t = -40 - s. What is the tens digit of t?
5
Suppose 37 = 3*y + 4*a + 10, -18 = -2*y - 2*a. Let v(t) = 4*t + 27. What is the units digit of v(y)?
3
Let a = 945 - 567. What is the hundreds digit of a?
3
Suppose p + 44 = -3*p. Let i(k) = -k - 7. Let x be i(p). What is the units digit of 1 + -3 + (x - -2)?
4
Let r(x) = -x**2 + 20*x - 15. Let y be r(11). Suppose 2*b - 10 = y. Let u = -18 + b. What is the units digit of u?
9
Let b(y) = y - 5. Let x be b(4). What is the units digit of x/(12/172)*-3?
3
Suppose p + 2*m - 8 - 8 = 0, -p + 26 = 4*m. Suppose p = 8*a - 2. What is the units digit of a?
1
Let r be -7*(20/7 - 2). What is the units digit of (-908)/r - (-17)/((-255)/(-10))?
2
Suppose -278 + 12 = -3*g - 4*v, 3*g - 262 = -2*v. What is the tens digit of g?
8
Let m = -547 + 946. What is the hundreds digit of m?
3
Suppose 12*m - 5507 = -371. What is the tens digit of m?
2
Let f = 783 + 81. What is the units digit of f?
4
Let n(u) = -u**2 + 11*u - 31. Let p be n(5). What is the tens digit of (1 - -4)/5*(-13)/p?
1
Suppose -5*f + 454 = -2*t + 6, 0 = 3*f - t - 268. Suppose 26 = -2*c + f. What is the tens digit of c?
3
Let m = -13 + 11. Let b be (-7)/((-7)/m)*-2. Suppose 4*v = -i + 2 - 7, b*i - 64 = 5*v. What is the units digit of i?
1
Suppose 13*w = 7*w. Let l(f) = -f**2 - 9*f + 182. What is the tens digit of l(w)?
8
Let p(x) = x**2 + 5*x - 27. Let n be p(-11). Let f = n + 33. What is the units digit of f?
2
Suppose -5*n - 183 + 38 = 0. Let z = n - -30. What is the units digit of z?
1
Let n = 6 - 3. Suppose u + 4*u = 2*k, -2*u - 11 = -n*k. Suppose -d + k*m + 14 = -0*m, 0 = -4*d - 2*m + 100. What is the units digit of d?
4
Let c = 166 + -161. Suppose 0 = -c*b + b + 816. What is the units digit of b?
4
Suppose a - 5*j = 2*a, a = -3*j + 2. Let u = -178 + 484. Suppose -a*h = -u + 41. What is the units digit of h?
3
What is the hundreds digit of (12 + (-392)/32)*(0 - 3076)?
7
Let a(q) = -2*q**2 + 9*q - 9. Let x be a(4). What is the tens digit of 72 - (-4 - 20/x)?
7
Suppose 2269 = 5*f + g, 4*g = -4*f + 1624 + 204. What is the tens digit of f?
5
Suppo